ose -9*z - 3516 + 22686 = 0. Let f = z - -797. Is f a prime number?
True
Let m be (-2)/(-3) + -2 + (-22892)/(-6). Let u be 4 + 4/(-1) + m/(-1). Let x = u - -5637. Is x a composite number?
False
Suppose -5*c + 2*o - 22 + 47 = 0, 2*c = -2*o + 24. Let l(a) = 248*a**2 + 14*a - 3. Is l(c) prime?
False
Suppose -11*i + 24 = -5*i. Suppose 2*w - 403 = -0*x + 3*x, 0 = -i*w - 4*x + 816. Suppose h - 6*h = z - w, -2*h + 884 = 4*z. Is z composite?
False
Let c(w) = -9 + 5*w + 5*w**2 + 6 + 0*w - 2*w + w**3. Let a be c(-2). Suppose -3*o + b + 6801 = 0, -3*o + a*b - 7*b + 6801 = 0. Is o a composite number?
False
Let g(b) = 4*b + 25. Let y be g(-5). Is 3821/y*((5 - 7) + 7) a prime number?
True
Let z(w) = 7*w**2 - 9*w - 31. Let s be (17/(-3))/((-5)/(-7 - -22)). Is z(s) composite?
True
Let b(g) = 283*g + 4. Let x be b(0). Let i be (6/(-4))/((-6)/8). Suppose i*h = x*h - 1082. Is h prime?
True
Let v(o) = o**2 + 10*o + 7. Let k be v(-10). Suppose -k*l + 1141 = -0*l. Let a = -74 + l. Is a a prime number?
True
Let k(v) = -v**3 + 2*v**2 - 19*v + 2. Let m be k(-9). Suppose 0 = -246*l + 250*l - m. Suppose 5*s + l = 1581. Is s a composite number?
False
Suppose 198*d + 44868 = 202*d. Suppose v - k - 11217 = -4*k, -d = -v - k. Is v prime?
False
Let v(r) = 435*r**2 + 65*r - 416. Is v(6) a prime number?
False
Is 2928 - (-20 + 9) - 4 a prime number?
False
Let m(g) = 6*g**3 - 11*g**2 + 5*g - 9. Let j(f) = -6 + 6 + 1 - 4*f + 3*f. Let d(z) = -j(z) + m(z). Is d(9) a prime number?
True
Let x = 49 + -21. Let s be 34/14 - (-16)/x. Suppose 3*n - 5*o - 4745 = 0, -s*n - o + 4757 = -0*o. Is n a composite number?
True
Let u = -36475 - -132296. Suppose -17*w + 6*w + u = 0. Is w a composite number?
True
Suppose -4*i + 56 = -0*i + 4*d, -5*d = 15. Let a(h) = h**3 - 18*h**2 + 33*h - 33. Is a(i) a composite number?
False
Suppose 0 = -5*y + 11 - 1. Suppose -426 = -y*q - 3*i + 261, 5*q - 1708 = 2*i. Suppose q - 984 = -4*k + b, -4*k - b = -646. Is k a composite number?
True
Suppose 3*k = 5*q - 1158310, -2*k - 421847 = -5*q + 736458. Is q a composite number?
True
Let n be -2*(4 + 2 + -7). Suppose 2 = -k + 3*k - n*v, 2*v = -k + 1. Is 0 - ((0 - k) + 5907)/(-2) prime?
True
Suppose 0 = -3*w + 4*x - 11 - 2, 0 = x + 2. Let b(p) = -280*p + 25. Is b(w) prime?
False
Let m(b) = 55*b + 102. Is m(11) a composite number?
True
Suppose v + 2223 = -4*s - 856, 3064 = -v - s. Let c = 5308 + v. Is c a composite number?
True
Suppose 420354 - 1507942 = 1232*p - 1236*p. Is p composite?
False
Is 194852 + (55/15 - -6*7/(-63)) a composite number?
True
Is (7517/(-3))/((-1)/3) prime?
True
Let q(y) = 13*y**2 + 26*y + 305. Is q(-36) a composite number?
False
Let f(t) = -4*t**2 + 3*t + 1172. Let h(l) = -6*l**2 + 3*l + 1173. Let p(w) = 4*f(w) - 3*h(w). Is p(0) prime?
False
Suppose 3376 = 5*u + l, 5*u - 1781 = l + 1603. Let f(q) = -7*q**3 + 8*q**2 + 11*q - 165. Let a be f(7). Let g = u - a. Is g a prime number?
False
Let b(d) = -d**3 - 4*d**2 + 5*d + 3. Let y be b(-5). Suppose -f = -y*m, 2*f = m - 0*m + 25. Suppose -6*p + 11*p = f. Is p composite?
False
Suppose -2*u + 8 = f, -f + 20 = 4*f + 5*u. Let x(c) = c**2 - 3*c - 15391. Let m be x(f). Is 4/(-22) - 3*m/33 prime?
True
Let g = 113345 + -34692. Is g a prime number?
True
Suppose -73*z + 68*z - 1010 = 0. Let q = z + 290. Is ((-826)/8)/((-22)/q) prime?
False
Let s be 4 + 68/(-18) - 327866/63. Let p = s + 12465. Is p a prime number?
False
Let n be (-1)/5 - 192/(-60) - -1. Suppose -l - 7 = 4*v, l + 3*l - n*v = 12. Is 919 + 4 + (-3 - l) a prime number?
True
Let l be (16 + -10926)*6*(-14)/20. Suppose 0 = -8*u + l - 8518. Is u a prime number?
True
Let k(g) be the second derivative of 581*g**4/12 - 4*g**3/3 + 19*g**2/2 - 3*g - 19. Is k(6) a prime number?
True
Suppose -141 + 573 = 2*a. Let y = -61 - a. Let h = 388 + y. Is h composite?
True
Suppose -4*f - 8383 = -5*j, -3*f - 1512 = 5*j + 4784. Is f/(-3) + 0/(-20) a composite number?
True
Let s = 252615 - -248462. Is s a composite number?
False
Suppose -2182035 - 5016803 + 1756557 = -13*i. Is i a prime number?
True
Suppose -4*g - 2*l = -1523760, 2686*g + 1142825 = 2689*g + 4*l. Is g composite?
True
Let y(o) = 22*o**3 + 22*o**2 - 71*o - 44. Is y(15) a composite number?
True
Let c = 85 - 85. Let r(a) = c + 79*a + 527*a - 3 + 6. Is r(4) prime?
False
Let x(m) = m - 3. Let q be x(-4). Let l be q/((-28)/(-8)) - 4. Let f(w) = 37*w**2 - 5*w - 1. Is f(l) composite?
False
Let m = 15 - 1. Suppose 17*h = m*h + 1047. Suppose -636 - h = -q. Is q a composite number?
True
Let t be (-4)/(-6) - 640248/(-72). Let q = 15511 - t. Suppose 0 = 13*b - q - 64. Is b prime?
False
Suppose -2*b - 9 = -2*p - 19, 41 = -5*p + b. Let d(n) be the first derivative of 5*n**3/3 + 8*n**2 - 8*n + 1. Is d(p) prime?
False
Let u(y) = y - 3. Let s be u(5). Suppose s*a + 21368 = 3*f, 5*a - a + 14248 = 2*f. Suppose 3*h + 3*o = f, 7107 = 3*h - 2*o - 0*o. Is h prime?
True
Let p = -1405 + 4240. Let i = 226 + p. Is i a prime number?
True
Suppose 0 = -b - 4*w + 1, -w + 4 = b - 3. Suppose -b*f + 3*h + 7384 = -5*f, f = -5*h + 1823. Is f a prime number?
False
Let b = 101 - 100. Let t(g) = -64*g**2 + 2*g - 1. Let p be t(b). Is (5/(-15)*974)/(6/p) a prime number?
False
Suppose 9826629 = -115*i + 166*i. Is i composite?
True
Suppose 3*q + 2*o - 198 = -2*o, q - 66 = 4*o. Suppose -777 = -4*h + 331. Let v = h - q. Is v a prime number?
True
Suppose -4*j = -2*w + 454, -923 = -4*w - 30*j + 33*j. Is w a composite number?
False
Let w(d) = -714*d - 83. Is w(-6) a composite number?
False
Let b(h) = -2*h**2 + 1. Let z(u) = 5*u**2 + 34*u - 4. Let m(w) = -5*b(w) + z(w). Is m(-8) prime?
False
Let g(b) = -3*b**2 - 17*b - 59. Let f be g(-6). Is 35122/26 + (-10)/f a prime number?
False
Suppose 340018 = -13*c + 27*c. Is c composite?
True
Is 32238 + (-15)/6*-2*-1 composite?
False
Is ((-2097168)/5)/(-3) + 1071/595 prime?
True
Suppose -27*g - 56*g + 130400809 = -6*g. Is g prime?
False
Suppose -4*v + 81001 = -45261 - 161862. Is v a prime number?
True
Let z(i) = i**3 - 46*i**2 - 14*i - 100. Let f be z(46). Is (-11)/((-77)/14) - f composite?
True
Let p be (-12)/(-28) + (-4314624)/(-84). Suppose 0 = -5*b + 228820 - p. Is b a prime number?
True
Let u = 235 - 230. Is (-32)/(-40) + 8651/u + 2 a composite number?
False
Suppose 22*a = -9*a + 2333091. Is a prime?
False
Suppose 5*p - 5*c - 36540 = 0, 0*p - 5*p + 36531 = -2*c. Suppose 0 = -5*s + p + 1510. Is s prime?
False
Let r = 140953 - -591846. Is r prime?
True
Let z(c) be the third derivative of 221*c**5/10 - c**3/6 + 25*c**2. Is z(-2) prime?
True
Let b = 50319 - 4850. Is b a prime number?
False
Suppose -31*j - 30*j + 481961 = 0. Is j a prime number?
True
Let u = -201 + 115. Let m = 92 + u. Is ((-15)/m - (-1 + -1))*-1442 a composite number?
True
Is (-5410131)/(-27) + -4 - 100/450 a prime number?
True
Is ((-35)/20)/((-9)/(-4) + -2) - -55436 a composite number?
True
Let v(x) = 35*x - 109. Let t be v(33). Suppose -8*z = -7170 - t. Is z prime?
False
Suppose -1638 = 8*x - 5*x. Let l = 607 - x. Let y = l + -755. Is y prime?
False
Suppose 2*z = -q + 3, z - 3*q - 11 = 2*z. Suppose p = 2*m + 1014, z*p - m = 9*p - 5048. Suppose 0 = -9*x + 4*x + p. Is x composite?
True
Suppose 4*z - 8 = -3*j + 18, -5*j + 5*z - 15 = 0. Let g(a) = -4 + j*a**2 + a + 124*a**2 + 1. Is g(2) composite?
False
Is (6 - 3 - -1) + 0 + 123995 a composite number?
True
Suppose 0 = 4*g - 2*q + q - 4684, -4684 = -4*g - 5*q. Is g + (1 - (-4 - -5)) a prime number?
True
Suppose 5*o - 15 = 10, 3*r + 5 = 4*o. Let m(j) = 3*j**3 - 2*j**2 - 17*j - 1. Is m(r) a prime number?
True
Suppose 5*a + 382 = 5*z - 63, 2*a + 188 = -3*z. Let t = -47 - a. Let r = t - 9. Is r composite?
True
Suppose q - 5*h + 22025 = 0, -5*q - 67475 - 42735 = -8*h. Let o = q - -45716. Is o a composite number?
True
Suppose 0 = 66*h - 63*h + 3*j - 116967, j - 77978 = -2*h. Is h a prime number?
False
Let s(p) = -16*p**2 - 57*p - 34. Let t(j) = -17*j**2 - 58*j - 33. Let k(o) = -5*s(o) + 4*t(o). Is k(-27) prime?
False
Suppose 0 = 2*w + 81 - 87. Suppose 2*a - 602 = -5*t, -a + 115 = -w*t - 186. Suppose 5884 - a = 3*s. Is s composite?
False
Suppose 667 = 4*i - z, i = 4*z - 9*z + 172. Let v be i/((0 - 2)/2). Is (v/4)/(8/(-224)) prime?
False
Let d = 9904 + 2086. Suppose 9*f - d = 9727. Is f a composite number?
True
Let x = -10 - -17. Suppose 0 = -5*q - g + 3823